 remainder when 2343720 is divided by 66949.
505
What is the remainder when 43667291 is divided by 7669?
5
Calculate the remainder when 8293335 is divided by 22536.
87
What is the remainder when 6580912 is divided by 3290400?
112
Calculate the remainder when 3256963 is divided by 38317.
18
Calculate the remainder when 808445 is divided by 32335.
70
What is the remainder when 716715 is divided by 179059?
479
Calculate the remainder when 30266 is divided by 9771.
953
What is the remainder when 6167214 is divided by 2180?
2174
What is the remainder when 2535920 is divided by 2535819?
101
Calculate the remainder when 36658847 is divided by 67.
65
What is the remainder when 608065 is divided by 3071?
7
What is the remainder when 25956882 is divided by 5191368?
42
Calculate the remainder when 584216 is divided by 829.
600
What is the remainder when 94498628 is divided by 105?
98
Calculate the remainder when 34262 is divided by 898.
138
Calculate the remainder when 61699 is divided by 61638.
61
Calculate the remainder when 17642762 is divided by 70.
32
Calculate the remainder when 7317747 is divided by 17.
12
What is the remainder when 131361 is divided by 13114?
221
Calculate the remainder when 4383033 is divided by 503.
394
What is the remainder when 3883820 is divided by 721?
514
Calculate the remainder when 6481035 is divided by 1054.
1043
What is the remainder when 1148298 is divided by 2959?
206
What is the remainder when 60434922 is divided by 138295?
7
What is the remainder when 16551098 is divided by 193?
190
What is the remainder when 27261044 is divided by 1429?
11
Calculate the remainder when 1133856 is divided by 75577.
201
What is the remainder when 41543742 is divided by 68?
26
Calculate the remainder when 6568 is divided by 451.
254
Calculate the remainder when 23312691 is divided by 4787.
1
What is the remainder when 10988 is divided by 655?
508
What is the remainder when 802088 is divided by 10025?
88
What is the remainder when 12041 is divided by 2259?
746
Calculate the remainder when 323675 is divided by 107819.
218
What is the remainder when 2567560 is divided by 3908?
4
What is the remainder when 6711168 is divided by 3355552?
64
Calculate the remainder when 20107 is divided by 2923.
2569
What is the remainder when 2397585 is divided by 239741?
175
What is the remainder when 3421120 is divided by 1139700?
2020
Calculate the remainder when 7469 is divided by 3602.
265
Calculate the remainder when 269397 is divided by 12244.
29
Calculate the remainder when 72733889 is divided by 15.
14
What is the remainder when 336141 is divided by 654?
639
Calculate the remainder when 935522 is divided by 116939.
10
What is the remainder when 3054 is divided by 104?
38
Calculate the remainder when 1103753 is divided by 392.
273
What is the remainder when 3075905 is divided by 256286?
473
What is the remainder when 15593 is divided by 4979?
656
Calculate the remainder when 20148 is divided by 1105.
258
Calculate the remainder when 1692115410 is divided by 26.
24
Calculate the remainder when 223233 is divided by 1352.
153
Calculate the remainder when 138392 is divided by 21.
2
Calculate the remainder when 114836803 is divided by 15.
13
What is the remainder when 109335 is divided by 427?
23
Calculate the remainder when 10709872 is divided by 356.
324
What is the remainder when 18627503 is divided by 3669?
3659
What is the remainder when 2334823 is divided by 777687?
1762
Calculate the remainder when 952406060 is divided by 101.
98
What is the remainder when 13594486 is divided by 6797240?
6
Calculate the remainder when 309562 is divided by 402.
22
Calculate the remainder when 27584365 is divided by 83.
62
Calculate the remainder when 2105870 is divided by 558.
536
Calculate the remainder when 5553539 is divided by 7833.
7775
Calculate the remainder when 4844983 is divided by 222.
55
Calculate the remainder when 3075730 is divided by 35.
0
Calculate the remainder when 663449 is divided by 235.
44
Calculate the remainder when 94240 is divided by 31413.
1
Calculate the remainder when 529007997 is divided by 400.
397
Calculate the remainder when 1836422446 is divided by 203.
201
Calculate the remainder when 93150846 is divided by 45.
36
Calculate the remainder when 773904 is divided by 64436.
672
What is the remainder when 603671 is divided by 603640?
31
Calculate the remainder when 78532 is divided by 8724.
16
What is the remainder when 10232 is divided by 1024?
1016
Calculate the remainder when 237903 is divided by 2645.
2498
Calculate the remainder when 499683 is divided by 934.
927
Calculate the remainder when 481851 is divided by 2150.
251
What is the remainder when 7132 is divided by 681?
322
Calculate the remainder when 1910458 is divided by 99.
55
Calculate the remainder when 431643 is divided by 143857.
72
Calculate the remainder when 90881 is divided by 66.
65
Calculate the remainder when 228181508 is divided by 1500.
8
What is the remainder when 379028 is divided by 376686?
2342
Calculate the remainder when 54103165 is divided by 1820.
25
What is the remainder when 438952 is divided by 438219?
733
Calculate the remainder when 437912 is divided by 109477.
4
Calculate the remainder when 1998625 is divided by 15.
10
What is the remainder when 289324 is divided by 2067?
2011
Calculate the remainder when 80886 is divided by 7257.
1059
What is the remainder when 126680190 is divided by 3430?
0
Calculate the remainder when 95521 is divided by 920.
761
What is the remainder when 151725 is divided by 211?
16
What is the remainder when 130702 is divided by 43564?
10
Calculate the remainder when 811898 is divided by 3.
2
What is the remainder when 38692482 is divided by 10318?
10300
Calculate the remainder when 2960314 is divided by 493355.
184
Calculate the remainder when 67648 is divided by 2132.
1556
Calculate the remainder when 1071529 is divided by 133933.
65
Calculate the remainder when 741717 is divided by 267.
258
What is the remainder when 14079911 is divided by 132?
131
Calculate the remainder when 469492 is divided by 1500.
1492
Calculate the remainder when 99767473 is divided by 49883735.
3
Calculate the remainder when 3177688 is divided by 37.
17
What is the remainder when 795266 is divided by 795049?
217
Calculate the remainder when 1222535 is divided by 152.
151
Calculate the remainder when 2907360 is divided by 202.
176
What is the remainder when 109715 is divided by 1466?
1231
Calculate the remainder when 28298 is divided by 219.
47
Calculate the remainder when 11952835 is divided by 12.
7
What is the remainder when 20562154 is divided by 41?
39
What is the remainder when 7677772 is divided by 132?
124
Calculate the remainder when 465891 is divided by 232935.
21
Calculate the remainder when 364648 is divided by 318.
220
What is the remainder when 31499907 is divided by 1090?
1087
Calculate the remainder when 203626 is divided by 669.
250
Calculate the remainder when 60658958 is divided by 12110.
12078
What is the remainder when 26573906 is divided by 5314779?
11
What is the remainder when 300750 is divided by 21422?
842
Calculate the remainder when 1640198 is divided by 1015.
973
What is the remainder when 4024789 is divided by 48487?
368
Calculate the remainder when 1348232 is divided by 5527.
5171
What is the remainder when 8597738 is divided by 111?
11
What is the remainder when 11485100 is divided by 522050?
0
Calculate the remainder when 673197 is divided by 128.
45
What is the remainder when 140376121 is divided by 51?
49
What is the remainder when 7994068 is divided by 470238?
22
What is the remainder when 30658494 is divided by 30658485?
9
Calculate the remainder when 8489845 is divided by 59.
40
Calculate the remainder when 10871 is divided by 4676.
1519
What is the remainder when 12725969 is divided by 4576?
113
What is the remainder when 2029129 is divided by 63410?
9
Calculate the remainder when 1780573 is divided by 688.
29
What is the remainder when 4660232 is divided by 291264?
8
Calculate the remainder when 3543584 is divided by 142.
116
What is the remainder when 2218126 is divided by 739298?
232
Calculate the remainder when 525021 is divided by 104858.
731
What is the remainder when 2313178 is divided by 1179?
1